 2*y + 10*y. What is the remainder when g(4) is divided by 27?
26
Suppose -58 - 102 = -2*h. Suppose 0 = -2*t + 62 + h. Suppose t = 4*c + 3*f + 8, -5*c + 5*f = -35. Calculate the remainder when 34 is divided by c.
10
Let z = 81 + -57. Calculate the remainder when z is divided by 13.
11
Calculate the remainder when (2*89)/(-13 - -15) is divided by 23.
20
Let j = 107 - 82. Calculate the remainder when 221 is divided by j.
21
Suppose 0 = -2*i + 14 - 4. Suppose i*m + 95 = 3*n - 210, 4*n - 455 = -3*m. What is the remainder when n is divided by 28?
26
Suppose -3*p - 26 = -5*p. Let g = 57 + 16. Suppose -5*k + 165 = 4*z, z + 117 = 5*k - g. Calculate the remainder when k is divided by p.
11
Let f = 74 - 49. Let w be ((-2)/(-3))/(2/114). Suppose -11 = 3*i - w. Calculate the remainder when f is divided by i.
7
Suppose -164 = -4*d - 32. Suppose -4*y + 3*m + 36 = 0, 18 = 5*m - 2. What is the remainder when d is divided by y?
9
Suppose 0 = 4*h + 3*h - 245. What is the remainder when h is divided by 21?
14
Let r = 1 - -2. Let p(a) = -2*a**3 + 9*a**2 - 4*a + 5. Calculate the remainder when p(4) is divided by r.
2
Let v(d) = d**2 + d - 1. Let w be v(-2). What is the remainder when 10 - (-1)/w - 1 is divided by 4?
2
Let q(l) = 43*l - 7. Calculate the remainder when q(2) is divided by 27.
25
Let a = -10 + 16. Let h = -22 - -24. Calculate the remainder when a is divided by h.
0
Calculate the remainder when ((-72)/16)/((-2)/4) is divided by 7.
2
Let h = 4 + -3. Calculate the remainder when (-3)/(13/(-10) - -1) is divided by (-13)/(-3) + h/(-3).
2
Let h = -60 + 27. Let y = -44 + 25. Let s = y - h. Calculate the remainder when s is divided by 5.
4
Suppose -66 - 58 = -4*l. What is the remainder when l is divided by 18?
13
Suppose 2*b - 5*b + 87 = 0. Calculate the remainder when b is divided by 11.
7
Let n(i) = -i**3 - 5*i**2 + 4*i. Suppose -2*x = -74 + 10. What is the remainder when x is divided by n(-6)?
8
Suppose 12 = k + 3*k, -3*b + 39 = -3*k. Suppose 3*u + s = 24, 0 = -3*u - s + 3*s + 33. What is the remainder when b is divided by u?
7
Let y = -35 + 49. What is the remainder when 97 is divided by y?
13
Calculate the remainder when 20 - (4 + 1/(-1)) is divided by 5.
2
Suppose -b + 48 = -3. Calculate the remainder when b is divided by 18.
15
Let m(j) = -16*j + 1. Calculate the remainder when 5/(70/959) - 6/4 is divided by m(-1).
16
Suppose p + 0*p - 29 = 0. Calculate the remainder when 86 is divided by p.
28
Suppose 0 = -3*q + 4*q - 2. Suppose 2*i = -q*g, 5*g + 10 = 2*i - 25. Calculate the remainder when 2/(0 - 2/(-8)) is divided by i.
3
Suppose -22 - 3 = 5*u, 3*u + 27 = 4*y. What is the remainder when ((-2)/4)/(2/(-32)) is divided by y?
2
What is the remainder when -3 + 0 + -5 + 22 is divided by 5?
4
Suppose -51 = -5*r + 49. What is the remainder when 70 is divided by r?
10
Suppose 3*g = 2*g + 48. Calculate the remainder when g is divided by 7.
6
Suppose 20 = 3*d - 154. What is the remainder when d is divided by 12?
10
Suppose l + 2*w = 39, l + 4*l + w - 186 = 0. Calculate the remainder when 181 is divided by l.
33
Let v = -3 + 12. Let d(r) = -3*r + 18. Let q be d(-13). Let n = q + -32. What is the remainder when n is divided by v?
7
Suppose 4*c - 10 = -c. Suppose -31 = -3*w - 2*f, w - f - 34 = -c*w. Calculate the remainder when w is divided by 4/(8/6) + 1.
3
Let d(w) = w - 9. Let y be d(9). Suppose 16 + 4 = 4*s. Calculate the remainder when s is divided by 3*(-2 - y)/(-2).
2
Let u(l) = -2*l**3 - 3*l**2 + 3*l. Let p be u(-3). Calculate the remainder when (1 - p)/(3/(-9)) is divided by 18.
15
Calculate the remainder when (-2*(6 - 3))/((-5)/125) is divided by 17.
14
Let d = 2 - 1. Let l(t) = -t + 9. Let w be l(7). Suppose w*m + 4*g - 9 = 5*m, -3*m - 2*g = -9. What is the remainder when d is divided by m?
0
Let x = 230 + -219. What is the remainder when 0 + 0 + (-42)/(-1) is divided by x?
9
Suppose -o + 56 = -4*g + 167, -3*o + 15 = 0. Calculate the remainder when 173 is divided by g.
28
Let a(m) = m**3 - 22*m**2 - 20*m + 34. Calculate the remainder when a(23) is divided by 15.
13
Suppose 65 = -0*x + 5*x. Suppose w - x = 20. Let y = w + -13. Calculate the remainder when 39 is divided by y.
19
Let v = 109 - 100. Calculate the remainder when 53 is divided by v.
8
Let c(m) = -2*m**2 + 1. Let z be c(-1). What is the remainder when -6*z/(-2)*-1 is divided by 1?
0
Let q = 9 + -4. Suppose 2*x = q*x - 123. Calculate the remainder when x is divided by 14.
13
Let k = -11 - -6. Let v(c) = -2*c + 1. Suppose -5*f + 5 = 0, -4*f - 30 = -r - 2*f. Calculate the remainder when r is divided by v(k).
10
Let l be (-3)/9*0 + 179. Suppose -3*s + 4*g + 176 = 0, 2*g - 71 = -5*s + l. What is the remainder when s is divided by 27?
25
Let i be (-1)/(2 - (-44)/(-20)). Suppose -m = -5*d - i*m + 53, 5*d - 43 = m. What is the remainder when d is divided by 4?
1
Let u(b) be the third derivative of b**5/60 - 3*b**4/8 + 5*b**3/6 - 2*b**2. Let l be u(7). Calculate the remainder when (l/(-3))/((-3)/(-10)) is divided by 6.
4
Suppose 0 = 3*w - 2*o + o - 20, -5*w + 34 = -2*o. Let i = -7 + 53. Suppose i = 5*p - 3*p. What is the remainder when p is divided by w?
5
Let i be 27/36 - 601/(-4). Suppose 3*w - 58 = c + 85, -3*w - c = -i. Calculate the remainder when w is divided by 25.
24
Let v(x) = -x**3 + 8*x**2 + x - 4. Let u be v(8). Suppose -n + 5 = 0, d = -n + u*n + 2. Calculate the remainder when 32 is divided by d.
15
Let k = 5 + -5. Suppose k*x = -5*x + 4*g + 22, -x - 1 = g. Let v = 6 + -5. Calculate the remainder when x is divided by v.
0
Let s = 5 - 0. What is the remainder when 19 is divided by (-2)/(-1 - s/(-7))?
5
Let w be 1/4 + (-21)/(-12). Suppose -15 = -5*a + w*a. Suppose -a = -c - 4*c. What is the remainder when 2 is divided by c?
0
Suppose -18 + 2 = -n. Suppose -4*i + 0*i + 91 = -5*s, 0 = 4*i + 3*s - 131. Calculate the remainder when i is divided by n.
13
Suppose -3 = b + 3. Let r be (10/b)/(1/(-3)). Suppose -20 = v - r*v. Calculate the remainder when 8 is divided by v.
3
Let f(z) = z**2 + 2 + 0 - 5*z - 5 + 4. What is the remainder when 19 is divided by f(6)?
5
Let u(w) = w**2 + 3*w + 5. What is the remainder when u(6) is divided by 30?
29
What is the remainder when 7 is divided by (-9)/6*(-20)/15?
1
Let f(d) = -d**3 + 10*d**2 - 7*d + 4. Let j be f(9). Let y = j - 1. Calculate the remainder when y is divided by 8.
5
Suppose 3*w + 3*r = 5 + 10, 4*w = -2*r + 14. What is the remainder when w + 7 - 3/1 is divided by (-2)/2 + 2 + 3?
2
Let m(q) = 5*q + 9. What is the remainder when m(16) is divided by 23?
20
Let c(y) = 3*y. Suppose -18 = -v - 2*v. Calculate the remainder when 35 is divided by c(v).
17
Suppose 6*b - 30 = b. Suppose b*i - 101 = i - r, 3*i - 3*r = 75. Calculate the remainder when i is divided by 12.
9
Suppose -96 = -13*b + 10*b. Suppose 0 = -5*k + 33 + b. What is the remainder when k is divided by 8?
5
Suppose -2*v = 46 - 148. Let m = v + -29. Calculate the remainder when m is divided by 8.
6
What is the remainder when (-1 - -4) + (-62)/(-2) is divided by 9?
7
Let n(o) = 3*o**3 - o**2 - 4. Calculate the remainder when n(3) is divided by 10.
8
Suppose -5*g + 13 = -17. Let a = 20 - 16. What is the remainder when g is divided by a?
2
Suppose 3*k = 6*k - 135. Calculate the remainder when 42 is divided by k*(0 + (-3)/(-9)).
12
Let n = 150 + -87. What is the remainder when n is divided by 16?
15
Suppose 26 = -2*p + 4*t, p + 5*t = 14 + 1. Calculate the remainder when (92/10)/(p/(-25)) is divided by 16.
14
Let v(c) = -4*c**3 - c**2 + 4*c + 3. What is the remainder when v(-2) is divided by 6?
5
Let g be 29 + 6 - (-2)/(-1). Let s = g - 23. Let u = -53 + 81. Calculate the remainder when u is divided by s.
8
Suppose -4*m - 5 + 25 = 0. Suppose 0 = 5*d - m*t - 181 + 6, -3*t = 4*d - 126. What is the remainder when d is divided by 12?
9
Let c = -11 + 36. Let r = -17 + c. What is the remainder when 23 is divided by r?
7
Suppose -2*l - 2*a = -5 - 15, 0 = -l - 2*a + 7. Calculate the remainder when 48 is divided by l.
9
Let c be -1*(2 + 0/(-1)). Let h = c - -4. What is the remainder when 5/2*(-4)/(-5) is divided by h?
0
Let i = -55 - -57. What is the remainder when i is divided by 2/4 - 3/(-6)?
0
Let v = -45 + 63. What is the remainder when 33 is divided by v?
15
Let s(x) be the first derivative of x**4/